its digit of q(-12)?
1
Suppose 18 = 3*r - 4*z, -2*r - 5*z = r + 9. Let o be 442/91 + r/14. Suppose -106 = -o*l + 39. What is the units digit of l?
9
Suppose 5*j = 102 + 1763. What is the units digit of j?
3
Suppose -5*k = 2*k - 98. Let b(v) = -18 - 1 + 7 + 3*v. What is the units digit of b(k)?
0
Suppose 30 = 12*w - 6. Suppose 0*t = 3*d - t - 65, -w*d = 4*t - 70. What is the tens digit of d?
2
Suppose -211 = -400*s + 399*s. What is the tens digit of s?
1
Suppose -5*c + u + 2852 = -913, u + 1506 = 2*c. What is the hundreds digit of c?
7
Let t(i) = 3*i**2 + 21*i + 17. Let w(d) = -d**2 - 10*d - 9. Let u(v) = 2*t(v) + 5*w(v). What is the hundreds digit of u(16)?
1
Let g(y) = -y - 5. Suppose 5*s = 5*v + 75, 3*s - 74 = 5*v - s. Let i = v - 1. What is the tens digit of g(i)?
1
Suppose 44 = -3*l + u, -l = -3*u + 2 + 10. What is the units digit of 156 - 4/((-5)/(l/(-6)))?
8
Let x(t) = 1. Let a(o) = -o**2 - 2*o + 18. Let b(v) = -a(v) + 2*x(v). What is the units digit of b(-8)?
2
Let d be (-84)/18*(-3)/(-2). Let t be -1 + d + 4 + 32. Let l = 2 + t. What is the units digit of l?
0
Let u = -10 - -18. Suppose 2*z + 2 = u. Suppose -37 = z*v - 4*v - 5*s, -1 = 2*v - 5*s. What is the units digit of v?
2
Let o = -169 + 766. What is the hundreds digit of o?
5
Suppose -35*w - 25 = -36*w. Suppose 30*n - w*n = 1040. What is the units digit of n?
8
Suppose 0*o - 14 = -2*o. Let f(g) = 9*g + 2*g**2 - 6 + o + 7. What is the units digit of f(-6)?
6
Suppose 7*u = 774 + 927. What is the tens digit of u?
4
Suppose 7*f - 11*f + h + 1497 = 0, f + 4*h - 387 = 0. What is the hundreds digit of f?
3
Suppose 4*j + 3*t = 672, 3*j - 504 = -3*t - 3*t. What is the units digit of j?
8
Suppose -r = 1, 2*w + 2*r - 4*r - 180 = 0. Suppose 0 = -0*f - f - 5*g + w, 4*f - 461 = g. What is the units digit of f?
4
Let q(y) = 1 + 3*y - 21*y + 42*y. What is the units digit of q(1)?
5
Let u(o) = 9*o - 113. What is the tens digit of u(16)?
3
Let n(m) = 11*m**3 - m**2 + 2*m. Let d be n(-2). Let s = d - -171. What is the units digit of s?
5
Let q be (-120)/(-16) + 3/(-6). Let t(i) = -i**3 + q - 3*i + 6*i + 9 + 0 + 11*i**2. What is the tens digit of t(11)?
4
Let k = -433 - -1847. What is the thousands digit of k?
1
Suppose 0*k = 4*s + k - 18, -3 = s + 4*k. Let g(n) be the second derivative of -n**5/20 + n**4/2 - 2*n**3/3 + 5*n**2/2 + 18*n. What is the tens digit of g(s)?
1
Let t = 11 - 18. Let v = t + 7. Suppose 11*b - 6*b - 5 = v. What is the units digit of b?
1
Let h = -51 - -63. Suppose -z - 1 = -2. Let t = h - z. What is the tens digit of t?
1
Let u be (-12)/(-9)*102/4. Let m = 73 - u. What is the units digit of m?
9
Let p(s) = -122*s - 5. Let v be p(-3). Suppose -4*r - 149 = -v. What is the tens digit of r?
5
Let n = 994 + -963. What is the units digit of n?
1
Let o(x) = -274*x. Let g be o(2). Let f = -375 - g. What is the tens digit of f?
7
Suppose -6*a + 1290 = -1170. What is the hundreds digit of a?
4
Suppose 0 = 5*x + 2*h - 7*h - 510, -2*x + 4*h + 200 = 0. Let w = -42 + x. Suppose 3*y - w = 5*g - 0*g, 5*y + 4*g = 91. What is the units digit of y?
9
Let v = -37 - -32. Let g be -94*v/(-10) - -2. What is the tens digit of (-1335)/g - 2/(-6)?
3
Let u(d) = -d**3 - 17*d**2 + 10*d + 7. What is the tens digit of u(-19)?
3
Suppose -25 = 9*q + 11. Let k be ((-9)/6)/(q/88). Suppose -2*s = -5*x + k, 4*x + x = -5*s + 5. What is the units digit of x?
5
Let l(n) = -3*n**3 - 2*n**2 + 2*n - 3. Let q be l(7). What is the units digit of (-2)/(-14) + q/(-28)?
0
Suppose -255 = -6*s + 807. What is the tens digit of s?
7
Suppose 176*j - 2450 = 169*j. What is the units digit of j?
0
Let s = -37 + -43. Let v = 87 + s. What is the units digit of v?
7
Suppose 0 = -0*j - 5*j + 4535. What is the hundreds digit of j?
9
Let j be (-3)/((144/160)/((-6)/5)). Suppose 0 = 4*n - j*s - 864, -5*n + 0*s = -s - 1064. What is the units digit of n?
2
Let x(g) = -19*g + 84. Let w be x(5). Suppose -2*h + 13 + 24 = v, -2*v + 47 = -5*h. Let t = w + v. What is the units digit of t?
0
Let z(r) = 22*r**3 + 18*r**2 - 37*r - 7. What is the thousands digit of z(5)?
3
Suppose 0 = 5*z - v - 1896, -5*v + 1621 = 3*z + 489. What is the units digit of z?
9
Let a be 60*(3/(-2) - -2). Suppose -5*j + n + 30 = 0, -j + 4*n = -n - a. Suppose 0 = j*x - 5*f - 200, f = -2*x + 4*f + 75. What is the tens digit of x?
4
Let y(i) = -2*i**3 - i. Let l be y(-1). Suppose -l*r - 300 = -2*d - r, -5*r - 444 = -3*d. What is the tens digit of d?
5
Let y(q) = 2*q + 1. Let t be y(2). Suppose t*s = -0*s + 35. Suppose s = 2*z - 4*m - 1, -2*z - 3*m = -15. What is the units digit of z?
6
Suppose 0 = -4*m - 2*w - 0*w - 32, -2*m = -4*w - 4. Let x be ((-2)/m)/(3/54). Suppose -y = -4*u + 4, -2*y + x*y + 3*u = 22. What is the units digit of y?
4
Let i(r) = -r + 15. Let c = -44 - -72. Suppose 0*v - v + 5*p + 30 = 0, 4*v - c = -3*p. What is the units digit of i(v)?
5
Let z = -36 + 52. Let v = z + -7. Suppose m - 27 = -3*c, 5*m - 6 = v. What is the units digit of c?
8
Let k = 369 - 51. What is the tens digit of k?
1
What is the units digit of (441/(-588))/(-2*(-3)/(-43312))?
4
Let n(w) = 4*w**2 - 2*w + 1. Let v be n(1). Suppose -5*c = v*s - 0*s + 4, 2*c = s - 6. Suppose -s*i = -45 + 5. What is the units digit of i?
0
Let y(m) = -231*m - 84. What is the tens digit of y(-6)?
0
Suppose -6*p + 10*p = 2364. What is the units digit of p?
1
Let v(a) = 11*a**3 + 5*a**3 - 1 - 3*a**3 - 4*a**3 + 2*a**2. Let r be v(-1). What is the tens digit of r/10*55/(-2)?
2
Let g = 85 - 136. Suppose 312 = 4*y - 4*q - 0*q, -3*y - 3*q = -264. Let p = y + g. What is the units digit of p?
2
Let w = -65 + 236. What is the units digit of w?
1
Suppose -81*n + 1650 = -76*n. What is the tens digit of n?
3
Let m = 1161 - 604. What is the units digit of m?
7
Let l = 2668 - 1423. What is the thousands digit of l?
1
Let s(x) = -842*x**3 + 2*x**2 + 3*x + 2. What is the hundreds digit of s(-1)?
8
Let g(j) = 6*j**2 - 2*j + 1. Let n be g(1). Suppose -f + l = -l - 45, 0 = n*f - 4*l - 231. What is the tens digit of f?
4
Let b(m) = -m**2 - 5*m + 3. Suppose -26 = 3*l + 3*r - 5*r, 4*l - 3*r = -36. Let j be b(l). What is the units digit of j/5 + (-544)/(-40)?
3
Suppose 4*f - 2*a - 2432 = 0, 6*f - 2*a = 5*f + 614. What is the hundreds digit of f?
6
Let z be 2*-1*55/(-22). Suppose -5*d - 4*q = -312 + 68, 176 = 3*d - z*q. What is the tens digit of d?
5
Let w(z) = 3*z - 41. Let h(u) = -u + 14. Let j(q) = 7*h(q) + 2*w(q). What is the units digit of j(-8)?
4
Suppose -5*s = -939 - 2181. Suppose 17*f - 13*f - s = 0. What is the units digit of f?
6
Let i be -1 - (-3 + 0)*-1. Let y = i - -16. Suppose 52 = -y*g + 14*g. What is the units digit of g?
6
Let j = 1482 + -796. What is the tens digit of j?
8
Let k be (18/8)/((-6)/(-16)). Let r(v) = -4*v**2 + 15*v - 8. Let q(j) = -3*j**2 + 14*j - 7. Let l(d) = 3*q(d) - 2*r(d). What is the units digit of l(k)?
1
Suppose -12*k + 3586 = 394. What is the units digit of k?
6
Let n(r) be the second derivative of r**5/20 + r**4/12 - 5*r**3/6 - 9*r**2/2 + 17*r. What is the tens digit of n(5)?
1
Let w be (-3 + -1)*(-2 - 24). Suppose -w - 110 = -z. What is the hundreds digit of z?
2
What is the tens digit of (-1364)/77*(-14)/4?
6
Let x = -2 + -2. Let l be (10/x)/((-12)/24). Let s(g) = 4*g - 2. What is the tens digit of s(l)?
1
Let i(v) = 2*v - 6. Let b be i(4). Suppose 3*a = 0, 3*c - c + 40 = -b*a. Let l = -10 - c. What is the units digit of l?
0
Let r(c) = -2*c**3 + 42*c**2 + 7*c + 45. What is the thousands digit of r(19)?
1
What is the units digit of ((-1672)/(-12))/(14/105)?
5
Let g(a) = -3*a - 9. Let x be g(-5). What is the tens digit of 78/(x + 0 + -4)?
3
Suppose 4 = 4*x - 4. Suppose 0 = 2*p + 3 + 3, -2*c = x*p. Suppose 2*n + 5*k + 5 = c*n, 0 = 5*n - 5*k - 25. What is the units digit of n?
5
Let l(g) = g**3 - 10*g**2 + 6*g - 6. Let d(v) = v**3 - 9*v**2 + 5*v - 5. Let x(s) = -3*d(s) + 2*l(s). What is the tens digit of x(4)?
3
Let d(j) = -4*j**3 + j**2 + j. Let f be d(-1). Suppose 3*k = -0*k + 4*x + 200, f*x - 344 = -5*k. What is the tens digit of k?
6
Let c(n) = -n**2 - 7*n + 4. Let q be 2*(0/1 - -1). Let f be (1/q)/(10/(-140)). What is the units digit of c(f)?
4
Let s(q) = -q**3 + 8*q**2 + 12*q - 2. Let r = 0 + 8. What is the tens digit of s(r)?
9
Suppose 0 = -3*q + 5*q - 172. Let y = q + -12. What is t